 (2/2)/(-2 + 1). Calculate the remainder when 10/(-2)*4*c is divided by p.
6
Suppose g - 6*g + 20 = 0. Suppose 3*f - 21 = -9. Suppose s = -g, -4*s = -f*p + 3*p + 32. What is the remainder when p is divided by 6?
4
Let g(u) = u**2 - 3*u + 1. Let m be g(2). Let x = 4 + m. What is the remainder when 11 is divided by x?
2
Let c(o) = 7*o + 1. Let d = -4 - -6. Suppose d*b - 3*b - 5*g = -24, g - 72 = -5*b. Calculate the remainder when b is divided by c(1).
6
Suppose -d = 2*r + 9 + 4, -4*r = 5*d + 83. Let h = 36 + d. Let t = 14 + -5. What is the remainder when h is divided by t?
8
Suppose 0 = -11*l + 5*l + 12. Calculate the remainder when 7 is divided by l.
1
Let i(d) = -d**2 - 12*d + 10. Calculate the remainder when i(-7) is divided by 24.
21
Suppose -5*p + 151 = -2*x + x, 3*p = 2*x + 92. What is the remainder when p is divided by 9?
3
Calculate the remainder when 42 is divided by 15/4*(2 - -2).
12
Let g(i) = i + 8. Let j be g(-4). Suppose q - 15 = -j*q. Calculate the remainder when 2/6 + 42/9 is divided by q.
2
Let b = 171 - 119. What is the remainder when b is divided by 18?
16
Suppose -3 = -b + 1. Calculate the remainder when 18 is divided by b - (3 - (4 - -2)).
4
Suppose -o + 15 = 3*g + 2, -g + 3*o - 9 = 0. Suppose g*l - 10 = -4. What is the remainder when l is divided by 2?
0
Let w = 27 + -12. Suppose -4*a + 3*a = -3*i - 9, 3*a = -i + 27. Calculate the remainder when w is divided by a.
6
Suppose 0 = c + s - 26, 23 = 3*c - 3*s - 61. What is the remainder when c is divided by 17?
10
What is the remainder when 1/3 - 166/(-6) is divided by ((-10)/6)/((-4)/36)?
13
Let u(f) = 2*f**2 + 6*f - 1. Let m be u(-8). Let j = m + -55. Calculate the remainder when j is divided by 9.
6
Suppose 2*n + 5*q - 7 = n, 2*n + 5*q - 9 = 0. Let z be 7*n + 4 + -3. Let u = z + -8. What is the remainder when 18 is divided by u?
4
Let j = 194 + -169. Suppose 12 = 3*b, 4*x - 6*x - 2 = -b. Calculate the remainder when j is divided by 4*x/((-4)/(-9)).
7
Let n(c) = -8*c - 13. Let x(o) = -24*o - 38. Let y(a) = -17*n(a) + 6*x(a). What is the remainder when y(-7) is divided by 17?
15
Let s(q) = -q**3 - 8*q**2 + 11. Suppose -3*d + d = 2*r - 2, 3*d + 5 = -5*r. Suppose -35 = 5*u + d. What is the remainder when 31 is divided by s(u)?
9
Suppose 5 = 5*v - b, -v = 4*b + b + 25. Suppose 3*t - 38 - 97 = v. Suppose -t = -5*h - n, 0 = -2*n - 7 - 3. Calculate the remainder when h is divided by 6.
4
What is the remainder when 4 is divided by (-2 - -3)/(2/8)?
0
Let o = -16 - -26. Suppose 0*l - 4 = -l. Calculate the remainder when o is divided by ((-2)/l - 1)*-4.
4
Let d(v) = v + 5. Let p be d(-5). Suppose 0*y - 3*y + 36 = p. What is the remainder when (-522)/y*2/(-3) is divided by 10?
9
Suppose 2*t - l = 25, 18 + 32 = 3*t + l. Let o = 22 + -16. Calculate the remainder when o/2 + 26*1 is divided by t.
14
Let d = -78 + 123. Suppose d = o + 10. Let w(q) = q**3 + 11*q**2 + 9*q + 2. What is the remainder when o is divided by w(-10)?
11
Let t = -23 + 66. Suppose 5*p - 33 = -3*g, 3*g = -g - 3*p + 44. Calculate the remainder when t is divided by g.
10
Let i be (-2)/(5 + -3) + 66. Suppose 5*o - 2*y - 2*y = i, o - 4*y + 3 = 0. Calculate the remainder when o is divided by 5.
2
Let c = -2 - 4. Let a = c + 11. Suppose -a*q = -0*k + 2*k - 41, 5*k + 5*q = 80. What is the remainder when k is divided by 4?
1
Let t(l) = -l**3 - 6*l**2 - 6*l - 2. Suppose -2*k + 3*k - 7 = -3*u, -28 = -4*k + 5*u. Let z = 12 - k. Calculate the remainder when z is divided by t(-5).
2
Suppose 16 = 3*j - 2*j. Suppose 2*t + 2 = -3*r, -t - 2 + 1 = -r. Suppose r = -3*g + 9, -3*a + 8*a = -5*g + 165. Calculate the remainder when a is divided by j.
14
Suppose 8 = 3*d - 4*v, d + 5*v + 0 = 9. Suppose -5*p + d*o = -40, 0 = 4*p - p + o - 41. Calculate the remainder when 23 is divided by p.
11
Let q = -1 - 2. Let m(k) = 2*k**2 - 3. Suppose 0 = z - 60 + 16. What is the remainder when z is divided by m(q)?
14
Let d = -10 - -30. Let u be 11/4 - (-5)/d. Suppose -18 = -z + t, 1 = t - u. Calculate the remainder when z is divided by 8.
6
Let f(d) = d**3 - 6*d**2 - 6*d - 2. Let b be f(7). Suppose 4*q = b*q - 31. Suppose 8*n = 44 + 44. What is the remainder when q is divided by n?
9
Let d be (-5)/(-10)*(67 + 1). Suppose -s + g = -7 - d, g + 167 = 4*s. What is the remainder when s is divided by 22?
20
Suppose 0 = 2*x - 16 - 8. Calculate the remainder when 58 is divided by x.
10
Let l = 14 + -12. Let x(s) = 20*s - 3. Calculate the remainder when x(l) is divided by 19.
18
Calculate the remainder when (-292)/(-10) + (-2)/10 is divided by 10.
9
Let r = 11 - 2. What is the remainder when r is divided by 2?
1
Let q(n) = -n**3 - n + 1. Let f(x) = 7*x**2 - 15*x - 12. Let m(b) = -f(b) + q(b). Calculate the remainder when m(-9) is divided by 25.
24
Let r(a) = 8*a**3 - 2*a**2 + a. Let l be r(1). What is the remainder when 27/9*l/3 is divided by 3?
1
Let v(u) = u**2 + 8*u + 4. Let n be v(-6). Let r be 2/((-12)/9)*n. Let g = r + 22. Calculate the remainder when g is divided by 12.
10
What is the remainder when 31 is divided by -3 + 7 - 1 - -8?
9
Let i = -3 + 5. Suppose -i*v + 36 = 10. Let k = 20 - v. What is the remainder when k is divided by 3?
1
Let q(y) be the third derivative of 11*y**5/60 - y**4/12 - 2*y**3/3 + 6*y**2. What is the remainder when q(3) is divided by 23?
20
Let c = 22 - -1. Let y = -24 + 91. Calculate the remainder when y is divided by c.
21
Let m(p) = -p + 8. Calculate the remainder when 14 is divided by m(4).
2
What is the remainder when -3*((-75)/(-9) + 3)*-2 is divided by 36?
32
Suppose 3*o + 2*s - 76 = 0, -3*s = 3*o - 13 - 62. Calculate the remainder when 103 is divided by o.
25
Let u = -29 + 58. Calculate the remainder when 173 is divided by u.
28
Let c = -12 + 24. Let f = c - -17. What is the remainder when f is divided by 16?
13
Let b = -43 - -71. What is the remainder when 3 is divided by 38/14 - (-8)/b?
0
Let r(k) = 6*k. Let z(n) = n**3 + 14*n**2 - 33*n - 5. Calculate the remainder when r(7) is divided by z(-16).
9
Suppose 3*z + 48 = 3*o, 15 = -3*o - 5*z + 103. What is the remainder when o is divided by 12?
9
Let b be 369/12 + 1/4. Suppose -5*u + b + 14 = 0. Calculate the remainder when u is divided by 5.
4
Suppose -3 = 4*u - 5*g + 3, -2 = 4*u - 3*g. Calculate the remainder when (-222)/(-4) + 2/(-4) is divided by 17 + 1 + u + 0.
17
What is the remainder when (-96)/(-10) - 2/(-5) is divided by 6?
4
Suppose 0 = 8*b - 152 + 16. Calculate the remainder when b is divided by 5.
2
Suppose -19 = -5*l + 71. What is the remainder when 53 is divided by l?
17
What is the remainder when 13 is divided by (21/(-9))/(1/(-3))?
6
Suppose -2*h = 4*a - 2, 5 = 2*h + 3*a + 2*a. Let y = h - -8. Suppose y*l = -2*c + 45, 4*l + 3*c = 2*l + 25. Calculate the remainder when l is divided by 5.
2
Suppose q - 28 = -12. Calculate the remainder when q is divided by 12.
4
Suppose 6*f = 9*f - 51. What is the remainder when 31 is divided by f?
14
Let g = -86 - -144. Calculate the remainder when g is divided by 12.
10
Let j = 786 + -1146. Calculate the remainder when 22 is divided by j/(-63) + (-4)/(-14).
4
Let u = 364 + -241. What is the remainder when u is divided by 25?
23
Let g(y) = y**3 - 6*y**2 - y - 4. Let u be g(6). Let i = u + 16. Calculate the remainder when 10 is divided by i.
4
Let l(r) = -r - 15. Let t be l(0). Calculate the remainder when ((-6)/t)/((-1)/(-155)) is divided by 13.
10
Let g(o) be the first derivative of o**4/4 + 5*o**3/3 + o**2 - 4*o + 1. Suppose 5*h = 3*h + 28. Calculate the remainder when h is divided by g(-3).
6
Let h(z) = z**3 + 13*z**2 + 11*z + 3. What is the remainder when h(-6) is divided by 38?
37
Suppose 0 = 5*s + 10, -4*y + 6*y - 2*s - 44 = 0. Calculate the remainder when 36 is divided by y.
16
Let u be (-196)/(-6) + (-1)/(-3). Calculate the remainder when 13 is divided by (-6)/(-33) - (-159)/u.
3
Let i(c) = c + 14. Calculate the remainder when i(-8) is divided by 4.
2
Let y(z) = 2*z - 5. Calculate the remainder when 95 is divided by y(15).
20
Suppose 0*i + 8 = i. Suppose -i = -v + 1. What is the remainder when 17 is divided by v?
8
Suppose 0 = -2*j + 4 + 2. Suppose -2*k + 180 = j*k. What is the remainder when k is divided by 13?
10
Let i = 0 + 8. Let n = 16 - i. Let g = n - -6. What is the remainder when 41 is divided by g?
13
Let r = 